 2 - (0 + -2 - -1 - -4).
-1
Evaluate (-3 - 2) + 3 + 1.
-1
Evaluate (-66 - -63) + (-2 - 3).
-8
Evaluate (3 - 3) + -4 + 2 + -2.
-4
What is the value of -7 + 13 + -3 + -3?
0
What is (0 - (-4 + (6 - -2))) + 1?
-3
What is -20 - -20 - (-1 + -1)?
2
What is the value of 8 + -15 + 9 - -1?
3
What is the value of -2 - (-3 - (8 - (5 + -2)))?
6
What is 0 + -5 - (3 + -6)?
-2
Calculate 0 - ((22 - 26) + 9 + -1).
-4
Evaluate -1 - -1 - (-4 + 7).
-3
Calculate -36 + 34 + (-3 - -1).
-4
Evaluate -8 - (-7 + 4 + 2).
-7
What is (1 - 2) + (17 + -6 - 7)?
3
(1 - 1 - -13) + 11 + -15
9
Calculate -2 + 0 - (1 + -4 + -4).
5
Evaluate 13 + (6 - 9) + -1.
9
Calculate -32 + 22 + 8 + -2.
-4
What is 14 + -14 + (-3 - (1 + 1))?
-5
What is the value of 0 + 5 + (-9 - (4 + -13))?
5
Calculate 2 - (-1 - -5) - (-7 - -3).
2
Evaluate 1 + (7 - 5 - (2 + 0)).
1
Calculate 3 + 0 - (-1 + 4 + -3).
3
What is the value of (-12 - -10) + 0 + (0 - 2)?
-4
What is the value of -2 - -2 - (0 - 2)?
2
(-19 - -13) + 6 + -3
-3
What is 6 + (5 - 0 - 4) + -1?
6
Evaluate 2 - 1 - (6 + -2).
-3
What is 7 + (-6 + 1 + 1 - 0)?
3
Calculate 0 + -4 - (0 + -1).
-3
What is 3 - (-3 - -3) - (-5 + 5)?
3
What is (-2 - 1) + (15 - 11)?
1
2 + -5 - (-1 - 9)
7
Calculate (0 - 0) + -3 + 0.
-3
Evaluate -4 + 9 + (3 - 3 - 4).
1
What is the value of 2 - (-4 + 6) - (4 - 0)?
-4
What is (-4 - -6) + (4 - (-1 + 2))?
5
Evaluate -4 + (-4 + -4 + 10 - 0).
-2
What is (2 - 9) + 6 + (0 - -6)?
5
0 + 2 + 4 - (-10 - -11)
5
What is the value of -2 + 11 + 5 + -13?
1
Calculate 12 + -9 + (-14 - -12).
1
-8 - ((-3 - -2) + -3)
-4
(15 - 13) + (0 - 0) + -2
0
Calculate 7 + (1 - -2) + (-3 - 2).
5
What is the value of 8 + -1 - -4 - 8?
3
0 + (1 + 0 - -4)
5
What is the value of 1 - (3 + -1 + -2)?
1
What is (-1 - -1) + (16 - 20)?
-4
What is 11 + -5 + 0 + -8?
-2
What is (2 - 3) + 7 + 0 + -4?
2
(-5 - 2) + 6 + 6
5
What is -15 - (4 + (4 - (2 - -13)))?
-8
What is 6 - ((2 - -12) + -7)?
-1
91 - 93 - (0 + 1)
-3
What is (8 - 2) + -7 + 1?
0
What is the value of -3 + 0 - (-14 + 14)?
-3
Calculate (5 - 2) + -5 + -1 + 1.
-2
0 - ((7 - 1) + (23 - 25))
-4
What is the value of (-2 + 0 - -7) + 0 + -4?
1
Calculate 12 - 8 - (-2 + 6 + 2).
-2
Evaluate -10 + 2 + -7 + 7.
-8
(0 - 1) + -2 + 2
-1
4 + 1 + (0 - 3)
2
What is -2 + 0 + (-4 - -4) + 4?
2
What is the value of 1 - 4 - (-2 + 3 + -3)?
-1
Calculate 1 - -1 - 6 - -4.
0
Evaluate 5 + (-13 - (-14 - -3)).
3
What is the value of -2 - 0 - (-4 - -2)?
0
What is 4 + 1 + -3 + 13 + -10?
5
Calculate (-5 + 5 - -5) + -2.
3
-2 + 4 - (7 + (4 - 17))
8
-2 + 11 + 4 + -8
5
Evaluate 9 + 3 + -8 + -2 + -6.
-4
Calculate -2 + (1 - 4) + 45 + -36.
4
What is 0 + -1 + 1 - (3 - 0)?
-3
What is (-5 - -6 - 0 - 4) + 7?
4
What is -5 + 4 + -5 + 10?
4
Evaluate -6 + (1 - 1 - -6).
0
What is the value of (-7 - (1 + 3 + -7)) + 7?
3
Evaluate -13 + -5 + 12 - -5.
-1
What is the value of -4 - (6 - (1 - -1 - -4))?
-4
What is 2 - -10 - (5 + 9)?
-2
What is (6 - 10) + -1 + 2?
-3
What is the value of -9 + 7 + (-1 - 1) + 1?
-3
Evaluate -3 + (6 - 2) - (11 - 5).
-5
What is 9 + -6 + 3 + -2?
4
Evaluate (149 - 145) + (-1 - -2).
5
Evaluate (-13 - -4) + 2 - -4.
-3
Calculate -1 - (-3 + 4) - -6.
4
Evaluate 1 + 11 + (-2 - 2) + -3.
5
What is (0 - 4) + (-3 - -10) - 2?
1
What is 1 + -7 + (-4 - -9)?
-1
Evaluate -1 + -1 - (1 - (2 + -1)).
-2
Calculate -28 + (43 - 21) + 7 + 1.
2
-10 - (-8 + 16 + -14)
-4
Evaluate 1 - (-3 + -1) - (-3 + 3).
5
2 + (2 - 1) + -1
2
What is (-3 + 3 - -2) + (2 - 0)?
4
Evaluate 7 - (17 - 7 - 1).
-2
What is the value of (-6 - (8 - 18)) + -6?
-2
What is ((12 - 2) + -4 - -4) + -5?
5
Evaluate -3 + 2 + 3 + 1.
3
Evaluate 3 + 0 + (-6 - -3).
0
Evaluate -2 - (1 + -7 - -5).
-1
What is the value of (-5 - -2) + 6 - 1?
2
(1 - -2 - 4) + (1 - 3)
-3
Evaluate -190 + 190 + (-3 - (2 + -1)).
-4
6 + -3 - (2 + 6 + -10)
5
What is -15 - -14 - (-2 - 6)?
7
Calculate 4 - (8 + -13) - 7.
2
What is the value of (-9 - -19) + -8 - (1 - 2)?
3
5 + (3 - (5 + 0))
3
What is 4 + -3 - 0 - -1?
2
Calculate 20 - 19 - (3 - 3 - 3).
4
-10 + (7 - 10) + 12
-1
Evaluate -1 + 5 + 0 + -5 + 2.
1
What is (0 + -1 - -4) + -99 + 100?
4
Calculate 1 + (-2 - (3 + -8 + -3)).
7
What is the value of (-2 + 10 - 2) + -6 + 5?
5
What is (19 - (3 + 3)) + -7?
6
-39 + 28 + (4 - -2)
-5
What is (-7 - -1) + 7 + -4?
-3
Calculate (-11 + 6 - -9) + -7.
-3
What is the value of 7 - (2 + 1 - 1)?
5
Calculate (9 - 11) + (1 - -5).
4
What is -2 - -2 - (-106 + 113)?
-7
-1 - (-3 + 5) - (-2 - 3)
2
What is the value of 7 + (-6 - -3) + 1 + 0?
5
Evaluate (2 - (1 - -2)) + (9 - 14).
-6
-4 + (-3 - 2) - (-1 - 0)
-8
What is -12 + -6 - -13 - (-1 - 1)?
-3
What is -12 - -18 - (1 + 2 + -1)?
4
Evaluate -88 + 81 - (-7 + 0).
0
Evaluate 1 + (3 - (-6 - -4)).
6
-5 + -1 + 10 - -6
10
6 + (-17 - (-2 + -1) - 2)
-10
(-4 - -1) + (18 - 10) + -4
1
What is the value of -4 - (-3 + 2) - (-70 - -64)?
3
Calculate -1 + -3 - (0 - 3).
-1
What is the value of 5 + -1 + -6 - 2?
-4
What is -52 + 65 + -9 + 0?
4
What is -4 - 3 - ((-3 - -1) + -3)?
-2
What is the value of 3 - ((12 - 5) + -6)?
2
-5 - 0 - (1 - 6)
0
Calculate 0 - (-17 + 11 - (-1 + -2)).
3
What is 12 + (-7 - (6 + -8))?
7
Calculate 2 - 6 - (-10 + (-1 - -3)).
4
What is (3 - (-4 - -7)) + -5 + 0?
-5
Calculate -3 - (14 + (-12 - 14)).
9
Evaluate 8 + -7 - (6 + -1).
-4
Evaluate (2 - 5 - -2) + 2.
1
Calculate 0 + -3 + (7 - 12).
-8
Calculate -23 + 12 + (0 - -5) - -9.
3
Evaluate 5 + (-6 + 1 - -2).
2
Evaluate 3 + (4 - 2) + -4.
1
What is the value of 35 - 34 - (-1 + -1 + 4)?
-1
-9 - (0 + -1) - (-12 - -10)
-6
What is 13 + -13 - (4 - 0) - 0?
-4
(1 - (5 - -1)) + (3 - -6)
4
What is (3 + -2 - 5) + 3 + -1?
-2
What is the value of -8 + 7 + 6 - (0 - 1)?
6
What is the value of (-12 - -13) + -4 + (4 - -1)?
2
(3 - 0) + -3 - 0 - 0
0
Calculate 1 + (0 + 4 + -3 - -2).
4
(-5 - 0 - -7) + 1
3
-3 + 1 - -4 - (-1 - -8)
-5
What is 8 + (-15 - -10) - -5?
8
What is the value of -1 + (-3 + 2 - -2) + -1?
-1
What is the value of -2 - ((-2 - -5) + -3)?
-2
Calculate 1 + 8 - (238 - 221).
-8
What is (-2 - -2) + 0 + (45 - 37)?
8
Evaluate (-6 - -1) + (-6 + 0 - -10).
-1
What is the value of 2 - (1 + 3 + -7)?
5
Calculate (-1 - 1) + 4 + -3 + 6.
5
Calculate 2 + (-8 - (-5 - 0)).
-1
Evaluate -5 - (3 + (0 - 7) - -3).
-4
0 + 5 + 3 + -4 + -1
3
What is -4 - (-3 + 9 - 5)?
-5
Calculate (0 - -3) + -35 + 37.
5
Evaluate 0 + 0 + 2 + (2 - -2).
6
What is the value of (10 - (1 + -9)) + -10?
8
What is -4 - -4 - 0 - 5?
-5
What is the value of (2 - 4) + -2 + -1?
-5
-4 - -2 - (-3 - -7 - 4)
-2
(-7 - -12) + (1 - 1)
5
Evaluate 4 + 0 + -3 + -1 + 1.
1
Evaluate -2 + 17 + -8 - 6.
1
What is the value of 4 + 1 + -2 + -2 + -2?
-1
Calculate 12 - 8 - 8 - -6.
2
Calculate 6 + (-2 - -1) + -6.
-1
Calculate -7 + 6 + 3 + (0 - -1).
3
-2 + (6 - 4 - -2)
2
Calculate -1 + (-5 + 12 - 8).
-2
0 + 2 - (-7 - (3 - 8))
4
What is 0 - (6 + (-14 - (6 + -9)))?
5
What is the value of 6 + 4 + (-6 - 1)?
3
Calculate (1 + -5 - -5) + 1.
2
Evaluate 0 + (1 - 0) + -13 + 14.
2
What is 0 + -2 + -3 - (-1 + -2)?
-2
-4 - ((0 + 2 - 5) + 0)
-1
What is the value of 7 + -5 + (4 - 11)?
-5
1 - ((-27 - -23) + -1 + 5)
1
Calculate -1 + -13 + 9 - 0.
-5
Calculate -2 + -6 + (1 - -6).
-1
Calculate -9 + (-13 + 6 - -8).
-8
What is the value of (-1 - 4) + 0 + 2 + -4?
-7
Calculate -3 + -8 + -15 + 23.
-3
What is 0 + 2 + -1 + (-16 - -11)?
-4
What is -3 - -6 - (10 + -8)?
1
-4 - (-3 + 7 - 3)
-5
What is 0 - 7 - (-39 - -33)?
-1
Calculate -1 + 1 + -2 + -2.
-4
What is -4 - -1 - (-4 - (-13 + 16))?
4
Evaluate 7 - 5 - -5 - 2.
5
Calculate 2 - (3 - (-7 - -3)).
-5
What is 1 + (-3 - -6) - 7?
-3
Evaluate (4 - (4 - 2)) + -4.
-2
What is -2 - (-3 - 5) - 8?
-2
Calculate 22 + -7 - (-2 + 11).
6
What is the value of 9 + -3 + -11 + 3?
-2
-5 - (18 + -25) - (-2 - -1)
3
Evaluate 1 - 3 - (5 + -9).
2
Evaluate -2 - (-6 - (-4 + -1 + 5)).
4
Evaluate -10 - (-6 - (9 + 1)).
6
Calculate 4 - (6 + 7) - -10.
1
Evaluate -3 - ((0 - (-4 + 6)) + -2).
1
(-3 - 5 - -4) + 1
-3
What is 0 + -4 + 69 + -59?
6
What is the value of -8 + -3 + -11 + 15?
-7
0 + -3 + (8 - (17 + -13))
1
2 - (3 + (1 - 3))
1
Evaluate -1 - -3 - (18 + -6).
-10
What is 7 + (-13 + 7 - 7)?
-6
9 + -6 + -8 + 0 + 5
0
Calculate 5 + (-3 - 5 - -5) - 9.
-7
-2 - 0 - (-2 - (-1 + -6))
-7
3 + -2 - (19 - 17)
-1
What is (3 - (-1 + 1)) + (-733 - -723)?
-7
What is the value of (6 - 2 - 2) + 2 + 1?
5
What is (-6 - (0 - 3)) + (6 - 8)?
-5
Evaluate 10 - (-7 + 1 + 9).
7
Evaluate 